c**4 - 27*c**2. What is n(-6)?
9
Let u(f) = -f**3 - 2*f**2 + 7*f + 14. Let h be u(-3). Let v(b) = -9 + 3 + 3 + b**h + 6 + 4*b + 2*b. Give v(-2).
-5
Let a(o) = -3*o**2 - 6*o + 5. Let v(f) = f**2 - 2*f - 2. Let i(y) = y**3 + 19*y**2 + 23*y + 92. Let x be i(-18). Let j(u) = x*v(u) + a(u). Determine j(-9).
10
Let x(a) be the third derivative of -a**7/2520 + a**6/720 - a**5/60 + 43*a**4/24 + 2*a**2 - 14*a. Let m(n) be the second derivative of x(n). Determine m(-2).
-8
Let f(w) be the first derivative of w**4/4 + 8*w**3/3 - w**2/2 - w - 506. Determine f(-8).
7
Suppose -2*j - 21 = -241. Let p = j + -111. Let k(i) = -15*i - 1. Give k(p).
14
Let k = -3197 - -3209. Let o(n) = -n**3 + 12*n**2 - 3*n + 34. Determine o(k).
-2
Suppose 5*b = 13 + 7, 5*k - 7 = 2*b. Let z(m) be the third derivative of -m**5/20 + m**4/24 + 2*m**3/3 + m**2. What is z(k)?
-20
Let b(q) = 3*q + 5. Suppose -24*c + 29 = -235. Let z(w) = 15*w + 24. Let v(k) = c*b(k) - 2*z(k). Calculate v(-3).
-2
Let w(k) be the first derivative of -k**4/4 + 5*k**3/3 - 3*k**2/2 - 452. Give w(2).
6
Let l be -1 + -1 + (9 - -2). Let f = -93 + 100. Let z(v) = 6 + 0 + 2 + 10*v - v**2 - f. What is z(l)?
10
Let r(p) be the first derivative of 5 - 7/3*p**3 + 0*p + 1/2*p**2. Suppose 5 = -3*j + 8*j. Calculate r(j).
-6
Let q be ((-55)/11)/(1 - 6). Suppose -2*z = 2*z - 56. Suppose -z*l = 29 - q. Let s(u) = u + 4. What is s(l)?
2
Let b(y) = -y**3 + 3 + 6*y - 5085*y**2 - 2 + 0*y**3 + 5076*y**2. What is b(-10)?
41
Let u(y) = -y + 29. Let h be u(15). Suppose -12*i + 12 = -h*i. Let l(d) = d**3 + 7*d**2 + 6*d + 9. Determine l(i).
9
Let f(v) be the third derivative of -v**6/120 - v**5/5 - 19*v**4/24 + 11*v**3/3 - 43*v**2. Give f(-9).
-50
Let v(t) = 5*t**2 + 5424 - 5426 - 2*t**2 + 8*t - 7*t. Calculate v(2).
12
Let j be (18 + -1)*(-97)/((-11543)/42). Let y(p) = p**3 + 7*p**2 + 6*p - 3. Let w(i) = i**3 + i**2 + 1. Let u(l) = -2*w(l) + y(l). Give u(j).
-5
Let x(t) be the third derivative of t**4/24 - 2*t**3 + 871*t**2. Calculate x(5).
-7
Let l(n) = 9*n + 724. Let f(x) = -x - 145. Let m(j) = 11*f(j) + 2*l(j). Give m(22).
7
Let j(m) = m**2 - 5. Let u be (3/(-6))/((-4)/16). Let a(v) = -2*v**3 - 11*v**2 + 1 + 19*v**2 + v - u*v**2. Let c be a(3). What is j(c)?
11
Let j(n) = -n**3 - 12*n**2 - 12*n - 16. Let k be j(-11). Let t(g) = -8*g + 1. Let i(b) = -50*b + 10. Let o(l) = i(l) - 6*t(l). Calculate o(k).
14
Let j(g) be the third derivative of 5*g**4/24 + 22*g**3/3 - g**2 + 27. Determine j(9).
89
Let w(s) = s. Let j(r) = -12*r - 4. Let k(p) = -j(p) - 5*w(p). Let i = 10597 - 10592. Give k(i).
39
Let k(n) = n**2 + 10*n + 17. Let v be k(-7). Let p be 12/(v/(-24)*-3). Let o = 23 + p. Let s(r) = r + 1. What is s(o)?
0
Let m(z) = 3*z**2 - z**3 + 6*z - z**3 - 3 - 4. Suppose -1446 = 34084*d - 34566*d. What is m(d)?
-16
Let a be 32 + (-3120)/90 + 23/6. Let l(f) be the third derivative of a*f**3 + 1/24*f**4 + 0 - 16*f**2 + 0*f - 1/60*f**5. Calculate l(5).
-13
Let d(o) = -o**2 + 7*o - 5. Let n = 35 + -35. Suppose n = -4*b + 3*b - 4*w - 22, 3*w + 49 = -4*b. Let p = b + 15. Calculate d(p).
5
Let r(a) = -4*a - 996 - 54*a + 696. What is r(-5)?
-10
Let i(a) be the second derivative of -a**3/3 - 8*a**2 + 7*a + 1. Let y(l) = 7*l + 5. Let w be y(-2). What is i(w)?
2
Let n(k) = -k**2 - 18*k + 22. Let o be n(-19). Let v(h) = -6 - 4 + o + h**2 - 5*h + 1. Let y(m) = m + 4. Let l be y(1). What is v(l)?
-6
Let g = 22 - 23. Let u(z) = -9*z**2 - z + 2. Let t(r) = r**2 + r - 1. Let q(w) = g*u(w) - 3*t(w). Determine q(1).
5
Let b(q) = -q**3 - 6*q**2 + 8*q - 3. Suppose 0 = -43*t + 48*t - 20. Let l(d) = d**2 - 2*d - 15. Let i be l(t). Give b(i).
-10
Suppose 0 = 4*s - 2*j - 874, 0 = -s - 3*j + 180 + 56. Suppose -209 = -r - s. Let i(m) = m**3 + 11*m**2 - 13*m - 13. Determine i(r).
-1
Let b(f) = f**2 + 73*f - 145. Let p be b(2). Let y(s) be the first derivative of -s**4/4 + 4*s**3/3 - s**2/2 + 7*s + 1. Calculate y(p).
-23
Let d = -1092 - -1082. Let m(p) = -p**3 - 9*p**2 + 12*p + 14. Give m(d).
-6
Suppose 3*x - 6*v + 3*v - 114 = 0, -5*v + 25 = 0. Suppose 89*n + 3496 = 13*n. Let k = n + x. Let w(i) = i**2 + i - 3. Give w(k).
3
Suppose -44*n = -39*n + 30, 4*z + 4*n + 40 = 0. Let q(h) = h**2 + 4*h + 3. What is q(z)?
3
Let h(j) = j**3 - 3*j**2 + 5*j - 6. Let u be (99/66)/((-1)/(-2)). Calculate h(u).
9
Let f(o) = -9*o. Let x = -76 + 68. Let y(j) = -j**3 - 9*j**2 - 7*j + 9. Let l be y(x). What is f(l)?
-9
Let g(h) = -5*h + 11. Suppose 7*i = 5247 + 6681. Suppose i*j - 1711*j + 70 = 0. Give g(j).
-39
Let w(o) be the second derivative of -o**3/3 + 41*o**2/2 + 746*o. Determine w(-23).
87
Let l(t) = -250 + 462 - 185 + 3*t. Give l(-10).
-3
Let d(o) = -2*o - 8. Let n = 943 + -940. Determine d(n).
-14
Suppose -4*z + 95 = z. Let g(y) = -y**3 + 27*y**2 + 16*y + 337. Let j be g(28). Let a(q) = -q + 3*q**3 - 2*q - 20*q**2 + j + z*q**2. What is a(2)?
15
Let j(n) = n**3 - 12*n**2 - 12*n + 57. Let k(s) = -s**3 + 12*s**2 + 14*s - 55. Let z(q) = 2*j(q) + 3*k(q). Determine z(13).
14
Let r(z) = -3*z**3 - 31*z**2 + 17*z - 34. Let a(c) = 2*c**3 + 16*c**2 - 9*c + 18. Let j(l) = -5*a(l) - 3*r(l). Give j(12).
84
Let c(j) = 17*j - 8 - 8 - 4*j - 12. Let t(z) = -4*z + 10. Let h(y) = 2*c(y) + 7*t(y). Calculate h(10).
-6
Suppose -p - 30 = -3*i - 6*p, 5*p = 3*i. Let g(s) be the first derivative of -s**4/4 + s**3 + 5*s**2/2 + s + 14. What is g(i)?
-24
Let s(l) = l - 3. Let u(w) = w**2 + 7*w + 13. Let r be u(-4). Let k be s(r). Let a(y) = 3 - 67*y + 73*y - 3. Give a(k).
-12
Let w(q) = 7*q + 156. Let l be w(-22). Suppose l*z - 1 + 7 = 0, 2*j - 2*z = 28. Let y(v) = v - 20. Calculate y(j).
-9
Let h be 994*((-77)/(-14))/11. Let d(y) = -h + 247 + 252 - 3*y + 8*y**2. Give d(2).
28
Suppose p = -3, 16*t + 4*p - 12 = 20*t. Let d(b) = -b**2 - 33*b - 158. What is d(t)?
4
Suppose j = 3*j - 18. Suppose j = 3*b - 0*b. Let p(s) be the first derivative of -3*s**2/2 + 3*s - 14. Calculate p(b).
-6
Let k(w) = 2*w**2 - 2153*w + 702*w + 725*w + 729*w. Suppose 0 = -r - 4*r + 15. Calculate k(r).
27
Suppose -p - 44 = -43. Let n(j) = 16*j**2 + 17*j**2 + 1 + 19*j**2 - 39*j**2 + 2*j. What is n(p)?
12
Let w(x) = -13*x - 4*x**2 + 602 - 306 - 323 + 3*x**2 + 2*x**2. Give w(15).
3
Suppose 3*x = 4*k - 6*k + 6, -3*x = -4*k + 30. Let w(q) be the first derivative of k*q + 5 + 1/4*q**4 + 0*q**2 + 2*q**3. Calculate w(-6).
6
Let h(d) be the first derivative of -d**3/3 + d**2/2 - d - 18. Suppose 113 = 2*n + 107. Give h(n).
-7
Let j(i) = -i**3 + 8*i**2 - 6*i - 5. Suppose 5*y - 2*r - 122 = -4*r, -75 = -3*y - 3*r. Suppose 82 = y*c - 86. Give j(c).
2
Let b be (-52)/(-9) - (-18)/81. Suppose 0 = -b*j + j + 10. Let t(i) = 57 + 5*i + i**j - 28 - 30. What is t(-5)?
-1
Let q(x) = x**3 + 10*x**2 + 8*x + 2. Let h(i) = i**2 + i - 1. Let g(t) = 4*h(t) - q(t). Let f(c) = -2*c**2 + 2491*c - 9937. Let u be f(4). Give g(u).
-11
Let v be (9 - (-2 + 1)) + (518 - 524). Let w(t) = 4*t + 10. What is w(v)?
26
Let o(m) = -66. Let i(t) = -t + 28. Let d(r) = -5*i(r) - 2*o(r). What is d(2)?
2
Let u = -3 - -1. Let k(c) = -c**2 - 448*c + 239*c - 2 + 206*c - 2*c**2. What is k(u)?
-8
Suppose v + 9*g = 13*g + 270, -1046 = -4*v - g. Let u = -268 + v. Let w(t) = 5 + 13*t - 4*t + t**2 + 0*t**2. Give w(u).
-13
Suppose -4*c = 8, 3*w = -11*c + 7*c - 62. Let r(h) = -5*h - 63. Calculate r(w).
27
Let b(s) = 11*s**2 - 94*s - 46. Let y(i) = -4*i**2 + 31*i + 15. Let k(x) = 6*b(x) + 17*y(x). Suppose 396 = -10629*h + 10607*h. Determine k(h).
-3
Let m(r) be the second derivative of r**6/120 - r**5/15 + r**4/24 - 7*r**2/2 + 2*r - 42. Let p(o) be the first derivative of m(o). Determine p(4).
4
Let c(u) = -2*u - 6. Let m = 42 - -24. Let o be ((-12)/(-2))/24 - m/8. Let x be -3*(1 - o/12). Give c(x).
4
Let s(t) = t**3 + 2*t**2 + 3*t + 3. Suppose -62*k = 58*k + 240. Give s(k).
-3
Let i = 38 + -34. Suppose -19*o - 32 = i*r - 15*o, 3*o - 64 = 5*r. Let a(s) = s**2 + 11*s - 4. Determine a(r).
-4
Let c(d) = -d**3 + 6*d**2 - 6*d - 6. Let u be c(4). Let n(a) = -a**3 + 107 - 3*a**2 - 9*a - 8*a**u - 100. What is n(-10)?
-3
Let f(m) = m**2 + 3*m - 1. Let a(b) = b**2 + 27*b + 27. Suppose -3 - 1 = -4*p. Let w(s) = p*a(s) - 2*f(s). What is w(22)?
7
Let g(i) = -7*i**3 - i**2 - 16*i - 12. Let y(f) = -11*f**3 - 4*f**2 - 17*f - 10. Let w(r) = 3*g(r) - 2*y(r). What is w(-7)?
-16
Let h(n) be the second derivat